-3*y - 243. What is the hundreds digit of x?
2
What is the tens digit of 12*16/36*6?
3
Let m = 2 - 0. Suppose 2*f - 38 = -k - m*k, 3*f = -3*k + 36. What is the tens digit of k?
1
Let m(t) = 20*t**3 - 3. What is the units digit of m(2)?
7
Let z(t) = t**3 - 5*t**2 - t + 7. What is the units digit of z(5)?
2
Let n be (3/(-1) - -36) + -3. Suppose 4*i + 2*o - n = 0, i - 6 = -3*o - 1. What is the units digit of i?
8
Suppose 4*i - i = 6. Suppose -i*z + 33 + 1 = -2*q, 5*z - 67 = -4*q. What is the units digit of z?
5
Let j be (-2)/(-7) - (-80)/(-35). Let w be (-2)/j*1*-5. What is the tens digit of (-171)/(-15) - (-2)/w?
1
Suppose 15*g - 3346 = -886. What is the hundreds digit of g?
1
Suppose 0 = -17*a - 716 + 5816. What is the units digit of a?
0
Suppose -5 = x + 6. Let u(g) = g + 14. Let v be u(x). Suppose 2*n - 3*j + 4*j - 36 = 0, v*n - 45 = 3*j. What is the units digit of n?
7
Let v be 4/10 - 298/(-5). Let d = -3 + 7. Suppose -d*b - b = -v. What is the units digit of b?
2
Let l(x) = -5*x - 8. Let k(s) = -s**3 + 12*s**2 - 13*s + 13. Let n be k(11). Let g be l(n). Suppose -5*m + g = -28. What is the tens digit of m?
1
Let d = -13 + -2. What is the units digit of d/(-2) + (-2)/4?
7
Suppose -4*h - 8 = -r - h, -2*r - 2*h - 8 = 0. Let c = 7 + r. What is the units digit of c?
6
Let k(s) = 7*s + 13. Let b(l) = 2*l + 3. Let g(y) = 9*b(y) - 2*k(y). Let h be g(2). Suppose -4*a = -a - h. What is the units digit of a?
3
Let n be (2 - (-2 - -8)) + 0. Suppose -2*v + 3*v = 0. Let f = v - n. What is the units digit of f?
4
Let d(c) = c**3 + 9*c**2 - c + 9. What is the units digit of d(-8)?
1
Let f(c) = -14*c + 29. What is the hundreds digit of f(-11)?
1
Let u = 29 + 103. What is the hundreds digit of u?
1
Suppose -4*q = -5*g - 97, -3*q = 5*g - 95 + 31. What is the tens digit of q?
2
Let o = 4 - -10. Let w = o - -5. What is the tens digit of w?
1
Suppose 8 = 2*t - 2*k, -1 = 2*t + 2*k + 3. What is the units digit of (4/(-12))/(t/(-12))?
4
Let w(p) = -47*p - 5. What is the tens digit of w(-2)?
8
Suppose 0 = -2*v + 6*v - 36. Let m = v - 5. What is the units digit of m?
4
Suppose -4*b + 6 - 56 = -5*v, -4*v - 4*b = -4. Let c(i) = -i**3 + 7*i**2 - i - 2. What is the tens digit of c(v)?
2
What is the units digit of (4/(-5))/(2/(-155))?
2
Let m(o) = o**3 + 4*o**2 - 6*o - 7. Let q be m(-5). What is the units digit of (q + 52/(-8))*-2?
7
What is the units digit of -4*2*(-9)/8?
9
Let w(p) = -2*p - 1. Let z be w(1). Let r = 4 + z. What is the units digit of r?
1
Let s(r) = -6*r - 7. What is the tens digit of s(-4)?
1
Suppose 3*z = -3*r - 24, -2*r + 0*r + 24 = -3*z. What is the units digit of (-114)/(-8) + 2/z?
4
Let i(l) = -l**3 + 9*l**2 + 1. What is the hundreds digit of i(5)?
1
Let n(t) = -4 - 3*t + 3*t - 2*t. Suppose 4*w + 0*w = -16. What is the units digit of n(w)?
4
Let o = 102 - 67. What is the tens digit of o?
3
Let w = 5 + -2. Let t be 6/(-3)*w/2. Let l = -1 - t. What is the units digit of l?
2
Suppose -k = 2*w - 9, w + 2*k - 3 = -0*w. Let l(s) = -s**3 - 3 - s**3 + 3*s**3 - 6*s**2 + 7*s. What is the units digit of l(w)?
7
Let x be 2 - (1 + 0)/(-1). Let i(w) = -w**2 - 7*w - 6. Let z be i(-5). Suppose -5*m + 95 = -z*j, -m - m + 15 = x*j. What is the tens digit of m?
1
Let v(p) = -p**3 - 4*p**2 + 4*p. Let j be v(-5). Suppose 4*l - 9 = j*s + 168, 84 = 2*l + 2*s. What is the tens digit of l?
4
Let k = -2 - -4. What is the units digit of k?
2
Let g(f) = -f + 6. Suppose -l + a - 7 = -3*l, -l + 3*a = -7. What is the units digit of g(l)?
2
Let n be (4 + -1 + 1)*6. Suppose -5*p + n = 3*j, 4*j - 3*p - 48 = j. What is the units digit of j?
3
Suppose -2*z = 5*m - 63 - 7, 4*m = -2*z + 58. What is the units digit of m?
2
Suppose 0 = 2*i - 2*y - 42, 25 = -0*i + i - 5*y. Let b = i + -9. What is the tens digit of b?
1
Suppose -5*h - 130 = -3*s - 472, -3*h = 2*s - 190. What is the tens digit of h?
6
Let v(x) = 2*x**2 + 2*x - 3. Suppose 5*f - 24 = 3*f. Suppose -5*q + 5*t - t - 15 = 0, -f = 4*q - t. What is the units digit of v(q)?
9
Let f(k) = -k**3 + 7*k**2 + 5*k - 4. What is the units digit of f(7)?
1
Let q = -6 - -5. Let h = 26 + q. What is the units digit of h?
5
Let m be 1 + (-2)/((-2)/3). Suppose 0 = m*s - 29 - 31. Suppose -2*p + s = -3*y - 2*y, 3*p - 32 = -2*y. What is the units digit of p?
0
Let h(x) = 6*x + 1. Let y(j) = -7*j - 2. Let d(c) = 5*h(c) + 4*y(c). Suppose -25 = -4*s + 3. What is the tens digit of d(s)?
1
Suppose -3*c - 28 = -5*c. Let b = c - 4. What is the units digit of b?
0
Let v(c) = c**2 - 14*c + 21. What is the units digit of v(15)?
6
Let i(m) be the third derivative of -m**5/60 - 5*m**4/24 - m**2. Let t be i(-4). Suppose -18 = -t*q + 14. What is the units digit of q?
8
Let k = -5 + 2. Let a = k + 13. Let i = 12 - a. What is the units digit of i?
2
What is the units digit of (-510)/(-50) - (-2)/(-10)?
0
What is the units digit of 28 + (0/2)/4?
8
Suppose 3*f - 198 = -y, 4*f - 201 - 76 = 3*y. What is the tens digit of f?
6
Let a(d) = 3*d**2 + d + 1. Let o = -6 - -4. What is the units digit of a(o)?
1
Suppose 4*h - 169 = -25. Suppose -h = -3*b - 0*b. What is the tens digit of b?
1
What is the tens digit of (-45)/75 + (-2)/(-10)*613?
2
Suppose 3*g - 158 = -4*j, -3*g - g + 4*j + 164 = 0. What is the tens digit of g?
4
Let d = -4 - -4. Suppose q + 2*q - 4*z + 3 = 0, -4*q - 2*z - 4 = d. Let x = q + 2. What is the units digit of x?
1
Let y(o) = o**2 - 2*o - 5. Let h(s) = s**2 + s - 1. Let j(c) = -c - 1. Let z be j(-3). Let u be h(z). What is the units digit of y(u)?
0
Let q = -317 + 602. What is the hundreds digit of q?
2
Suppose 2*u + 3 = 7. Let c = 1 + u. What is the units digit of c?
3
Let o(s) = 2*s + 12. Let r be o(-8). Let h = r + 4. What is the units digit of h/(-1) + -1 - -10?
9
What is the tens digit of -318*((-2)/(-9) - 26/36)?
5
Suppose 0 = 3*h + 4*j - 8*j - 12, 0 = 2*j. Suppose -4*g = -r - 89, -h*r - 62 = -g - g. What is the units digit of g?
1
Suppose b = 4*b - 9. Suppose 5*p + 298 = b*v, 0 = v - 2*p - p - 102. What is the units digit of ((-3)/(-2))/(9/v)?
6
Let j(d) = d**2 + 3*d + 6. Let o be 2 - (3 + 3 + 0). What is the units digit of j(o)?
0
Suppose 46 + 14 = 5*z. Let m be ((-4)/z)/((-2)/84). Suppose -5*u + 3*q = -74, -2*u + m = -0*u + 4*q. What is the tens digit of u?
1
What is the units digit of 1 + 49 - 0/3?
0
Let p(u) = -u**2 + 6*u + 9. Let x be p(7). Suppose 0 = 5*t + 4*r + r - 115, x*r - 10 = 0. What is the units digit of t?
8
Let r(i) = i**2 + 6*i. Let v be r(-6). What is the units digit of v - ((-3)/3 + -18)?
9
Let o(q) be the third derivative of q**5/15 + q**4/24 - 2*q**3/3 + 4*q**2. Let v(m) be the first derivative of o(m). What is the units digit of v(2)?
7
Let c(k) = k**2 + 6*k - 5. Let h be c(-7). Suppose h*b + 33 = -b. What is the units digit of 3 - ((-4)/(-2) + b)?
2
What is the units digit of (-198)/4*20/(-10)?
9
Let w = 22 - -16. What is the units digit of w?
8
What is the tens digit of 3 + -3 - 9*-3?
2
Let o(b) = -b**3 + 12*b**2 - 6*b + 3. Let m(j) = -j**3 + 12*j**2 - 7*j + 4. Let c(k) = 5*m(k) - 6*o(k). What is the tens digit of c(12)?
1
What is the hundreds digit of (-1974)/(-12) + 2/(-4)?
1
Let t(j) be the first derivative of j**4/4 + 4*j**3/3 - 2*j**2 + 2*j - 2. What is the tens digit of t(-4)?
1
Suppose 5*x = 35 - 25. Let r = 7 + -11. What is the units digit of 12 - (-2 - r)/x?
1
Suppose 0 = -4*t + 3*t + 60. What is the units digit of t?
0
Let b(g) = 8*g**2 + 4*g + 5. What is the tens digit of b(-2)?
2
Suppose 0 = 4*n - 3 - 1. Let z = n + 26. Suppose -5*j + z = -2*j. What is the units digit of j?
9
Let p(t) = -t - 4. Let v be p(-6). Suppose -q = v*m - 4, 0 = 3*m - 7*m - 5*q + 20. Suppose 5*h - 65 = -5*a, m = -a + 6*h - h - 17. What is the units digit of a?
8
Let x be 0/(0 - -2*1). Suppose x*w = 5*w. Suppose -22 = -2*m - w. What is the tens digit of m?
1
Let y be (-6)/((8/6)/(-2)). What is the units digit of (2 - y)/(3/(-6))?
4
Let k(m) = -m**2 - 5*m + 3. Let p be k(-5). Suppose -p*f = -4*f + 7. What is the units digit of f?
7
Let l(b) = 6*b. Let j be l(5). Let m be ((-44)/(-10))/(6/j). Let t = -11 + m. What is the tens digit of t?
1
Let d be ((-117)/(-3))/(-3) + -2. Let s = d + 24. What is the units digit of s?
9
Let l be (2 - 1) + 5 + -4. Suppose 50 = -l*o + 7*o. What is the tens digit of o?
1
Let o = -4 - -6. Suppose -o*k - 1 + 